*3 + 2*k**2 - k - 2. Let b be a(-1). Calculate the remainder when (393/b + (-10)/(-35))*24 is divided by 46.
42
Let h = -1600 - -2443. Calculate the remainder when h is divided by 13.
11
Suppose -1131*r - 29475 = -1156*r. What is the remainder when r is divided by 15?
9
Let n be -3*(-4)/(-30) + 243/45. Suppose -4*k - 112 = -3*q + 144, -2*q = n*k - 163. What is the remainder when q is divided by 13?
6
Let t(q) = -q**3 + q**2 - 2*q + 32. Let r(n) = 9*n**2 + 9*n - 13. Calculate the remainder when r(3) is divided by t(0).
31
Suppose -504*w = -503*w - 1213. What is the remainder when w is divided by 16?
13
Suppose 2*r + 4 = 0, 5*p = -3*r - 11 - 15. Let n(i) = 4*i**2 + 17*i + 57. Calculate the remainder when 101 is divided by n(p).
48
Calculate the remainder when (-4)/(-6) + 9148/3 + -16 is divided by 217.
213
Suppose -3*f + 5*q + 231 = -437, 684 = 3*f + 3*q. What is the remainder when 240 is divided by f?
14
Let d = 6697 + -4405. Suppose 28*u = 40*u - d. What is the remainder when u is divided by 12?
11
Let w(l) be the first derivative of 1/2*l**2 - 16 + 6*l. Calculate the remainder when 29 is divided by w(2).
5
Let f(v) = -8*v**2 + 352*v + 58. What is the remainder when 250 is divided by f(44)?
18
Suppose -8*s = 981 - 1781. What is the remainder when 1594 is divided by s?
94
Suppose -j = -4*a + 174, 3*a = 2*a - 2*j + 48. Suppose 15*h - 17*h = a. What is the remainder when (-502)/h + 2 + 2/11 is divided by 6?
1
Suppose 0 = 19*l - 36*l + 68. Suppose -j + 16 = -2*k, 2*j + l*k - 22 + 6 = 0. Calculate the remainder when 58 is divided by j.
10
Suppose 3*o - 18 - 27 = 0. What is the remainder when 4 - (7 - 698) - 2 - (4/4 + 5) is divided by o?
12
Suppose 5*g - 115 = 275. Let d = g - 73. Suppose 0 = m - 29 - d. Calculate the remainder when m is divided by 12.
10
Suppose 308 = 3*b - b + y, -y = -4*b + 640. Suppose 2*k - 5*k + 96 = 0. What is the remainder when b is divided by k?
30
Suppose 5*f + 2*k = 804, f - 6598 = 2*k - 6430. Calculate the remainder when 1774 is divided by f.
154
Let o = 156 - 86. Let k(y) = -124*y - 6680. Calculate the remainder when o is divided by k(-54).
6
Let i = -19635 - -19805. What is the remainder when 299 is divided by i?
129
Let x = -522 + 546. Let h(v) = 3*v**2 + 1. Let k be (16/(-28))/(2/(-7)). Calculate the remainder when x is divided by h(k).
11
Suppose 0 = -7*m + 4*i + 157, -112 = -63*m + 58*m + 3*i. Suppose 3*w + 0*z - 594 = z, 0 = -z - 3. What is the remainder when w is divided by m?
13
Let m(g) = 7*g**2 - 10*g - 28. Let z be m(10). Suppose -32*p + 10*p = -z. Calculate the remainder when p is divided by 27/(-3)*10/(-6).
11
Let m = -2883 - -5343. What is the remainder when m/24*8/10 is divided by (30 - -1) + 1 + -3?
24
Let j = -237 + 236. Let m(z) = -7*z - 5. Let o be m(-10). Calculate the remainder when j/5 + 1313/o is divided by 8.
4
Let a = -141 - -151. Calculate the remainder when 23 is divided by 13 - a - (0 + -14).
6
Let x = -47 + 85. What is the remainder when x is divided by (-385)/(-165) + (-22)/(-6)?
2
Suppose 2*z - 3*x + 746 - 1385 = 0, 0 = 5*x - 45. Calculate the remainder when z is divided by 101.
30
Suppose -v = -c - 36, -10*v + 12*v + 3*c - 82 = 0. Let r be -3 - (4 + -4 - 7). Suppose 150 = -r*m + 5*m. What is the remainder when m is divided by v?
36
Suppose -13*i + 2664 = -10*i + z, 2646 = 3*i - 5*z. Calculate the remainder when i is divided by 99.
95
Suppose 319 = 3*p + u, -343*u + 1 = -342*u. What is the remainder when p is divided by 44?
18
Let l = -3091 + 3094. Calculate the remainder when 264 is divided by l.
0
Let i(o) = 617*o - 97. Calculate the remainder when i(1) is divided by 31.
24
Calculate the remainder when (-2 + (-760)/(-133))/(2/434) is divided by 193.
34
Suppose 172 = 3*s - 185. Suppose -5*t - 21*d + 20*d + 538 = 0, -4*t - 5*d = -422. Let a = s - t. What is the remainder when 32 is divided by a?
10
Let r = -4883 - -4901. Calculate the remainder when 6311 is divided by r.
11
Let v(o) = -o**2 - 19*o - 29. Let m be v(-17). Suppose 3*s + 172 = -m. Let h = 64 + s. Calculate the remainder when 12 is divided by h.
2
Let v = -16 - -19. Suppose -v = 4*g + 1, 4*q + g = 71. Let l(d) = d**2 + 2*d - 15. Calculate the remainder when l(6) is divided by q.
15
Let y = 99 + -84. Let j(a) = 5*a**3 - 7*a**2 - 3*a - 4. Calculate the remainder when j(4) is divided by y.
12
Let n(l) = -3*l - 30. Suppose 5 = -3*f + 2*i, 0 = -f - f - 2*i. Calculate the remainder when (-2 + -2)*-2*(-2)/f is divided by n(-12).
4
Let n = -63 - -108. Suppose 9*y - 61 = 47. What is the remainder when n is divided by y?
9
Let b(v) = v**2 - 596*v - 3593. What is the remainder when b(-6) is divided by (-76)/(-6) + (-4)/6?
7
Suppose -72 = -t - 2*t. Let m be 34312/(-56) - ((-280)/49 - -6). Let x = m - -657. What is the remainder when x is divided by t?
20
Let k = 20 - 16. Let o(r) = r**2 - 76*r - 1378. Calculate the remainder when o(92) is divided by k.
2
Let l = -1 + 28. Suppose -h + 8*w = 4*w - 458, 0 = 5*h - 4*w - 2354. Suppose -4*t + 10*t = h. What is the remainder when t is divided by l?
25
Let w(n) = -120*n - 662. Calculate the remainder when 1215 is divided by w(-6).
55
Suppose 2*b - 7*z + 3*z = 154, -5*b = -4*z - 361. Suppose 8 - b = -p. Calculate the remainder when 609 is divided by p.
60
Let r = -10 - 2. Let m be (-8)/2 - (7 + r). Let w = m + 8. Calculate the remainder when 26 is divided by w.
8
Let l(u) = 378*u + 334. Calculate the remainder when l(16) is divided by 3189.
4
Let h = -9830 - -15905. What is the remainder when h is divided by 14?
13
Let i(l) = -4*l**2 + 5*l + 1. Let z(v) = 5*v**2 - 4*v. Let u(p) = -4*i(p) - 3*z(p). Suppose 3*m - 6 = 21. Calculate the remainder when 14 is divided by u(m).
4
Let u = -106 - -132. Let v(g) = -5*g + 8. Let z be v(1). Suppose -j + z*l - 2 = 0, -4*j - 11 + 51 = 4*l. Calculate the remainder when u is divided by j.
5
Calculate the remainder when 171 is divided by 4 + 74/(-19) + ((-2779)/(-133) - 8).
2
Suppose -14*a - 50 = -4*w - 19*a, 3*w + 2*a = 34. What is the remainder when 2059 is divided by w?
9
Let z = 14 + 64. Suppose 3*i - b - 80 = 0, 4*i - 26 = 4*b + z. Calculate the remainder when 159 is divided by i.
24
Let u be (-2)/(-13) + 31689/117. Let a = u - 235. What is the remainder when a is divided by 34?
2
Let i(p) = -4*p + 25. Suppose -3*u = 10*u. Suppose 5*g + 2*a = 4*a + 6, -5*g + a + 3 = u. Calculate the remainder when 63 is divided by i(g).
13
Suppose 54 + 128 = -t. Let o = t + 257. What is the remainder when 372 is divided by o?
72
Suppose -76*d + 36*d + 12*d + 1288 = 0. Suppose 2 = 2*n - 2. Suppose -n*m = -21 - 29. Calculate the remainder when d is divided by m.
21
Calculate the remainder when (-6)/(-9)*-3 + 86 + 219 is divided by 77.
72
Suppose 5*h + 9 = -4*v + 7*v, 4*v = -h + 12. Suppose -7*o + 31*o - 7872 = h. Calculate the remainder when o is divided by 47.
46
Suppose 0*j = -3*j - g - 289, 2*j + 202 = -3*g. Let c = j + 148. Calculate the remainder when 259 is divided by c.
47
Let l(m) = m**3 + 11*m**2 - m + 5. Let b be l(-11). Suppose 2*o + 5*g - 4*g - 102 = 0, b = 4*g. What is the remainder when 94 is divided by o?
45
Suppose -10 = -5*t, 0 = -4*z + t + 4 + 6. Suppose r + r + 8 = 2*u, 4*r = -4*u + 56. Calculate the remainder when (250/15)/2*z is divided by u.
7
Let b(x) = -x**3 - 9*x**2 - 10*x + 1. Let j be (-144 - (6 - 4))/((-4)/8). Suppose 0 = -14*r + j + 170. What is the remainder when r is divided by b(-8)?
16
Suppose 7*o = 3*o + 204. Suppose 2*z + 32 = -4*i + 10, 4*z - 4*i - 4 = 0. Calculate the remainder when o is divided by 182/10 - (-6)/(-27 + z).
15
Let n(u) = -17*u**2 + 79*u - 6. Let k(z) = -3*z**3 - 8*z**2 + 3*z - 6. What is the remainder when k(-5) is divided by n(4)?
2
Let o be 1/(-5 + (4 - 0)). Let i(h) be the third derivative of -31*h**4/6 - h**3/2 - 19*h**2. Calculate the remainder when i(o) is divided by 25.
21
Let u = -70 + 46. Let b be (2 - u/(-10)) + (-176)/10. Calculate the remainder when (-304)/(-9) - 4/b is divided by 9.
7
Let g = -5240 + 5248. Calculate the remainder when 1311 is divided by g.
7
Let i be 2/(-18) - (-512)/72. Suppose -3*t = 3*n - 33, -3*n + 65 = -2*t + i*t. Suppose 0 = 5*a - t - 29. Calculate the remainder when a is divided by 6.
3
Let q(x) = 138*x**2 + 253*x + 5. Calculate the remainder when q(6) is divided by 12.
11
Suppose -7*c